t g = -35 + 36. Let x be j(g). Suppose 328 = -x*d + 9*d. What are the prime factors of d?
2, 41
Suppose 0 = 5*x + 3*u - 537, -5*x + x + u = -416. Let p be ((-42)/(-35))/((-1)/(420/(-9))). Let a = x - p. List the prime factors of a.
7
Let q(s) be the second derivative of 13*s**3/3 + 25*s**2/2 + 24*s. Let i be q(9). Suppose 656 = 5*j + 3*b, b = 4*j - i - 276. What are the prime factors of j?
7, 19
Let n(b) = -b + 3. Let v be n(-3). Suppose -17*t - 66 = -v*t. List the prime factors of (-347)/(-4) - t/24.
3, 29
Let q(v) = 513*v + 56. Let c(u) = 256*u + 28. Let j(n) = -5*c(n) + 2*q(n). List the prime factors of j(-3).
2, 367
Let y(z) = 25*z**2 - 5. Let x(f) = 5*f - 57. Let t(i) = -2*i + 28. Let r(l) = 9*t(l) + 4*x(l). Let k be r(-11). List the prime factors of y(k).
5, 19
Suppose -h = 1, -3*h = m - 940 - 1097. What are the prime factors of m?
2, 3, 5, 17
Let x(l) be the third derivative of -7*l**4/24 - 95*l**3/6 - 129*l**2. What are the prime factors of x(-17)?
2, 3
Let c = -433 - -430. List the prime factors of -3 + c + (102 + -4 - -4).
2, 3
Suppose 2*g = -4, 5*g - 1090 = -2*h + 1596. Suppose 3*x - h - 223 = 5*o, x + 5*o = 497. List the prime factors of x.
11, 47
Let t = 100 - 20. Let n = 626 + t. What are the prime factors of n?
2, 353
Let q be (-2)/5*(-900)/90. Suppose q*u = 2*k - 1400, 6*u = 4*k + 3*u - 2800. List the prime factors of k.
2, 5, 7
List the prime factors of 22/(-264)*18*(-51008)/6.
2, 797
Suppose -5*t + 6959 = -16*g + 19*g, -9302 = -4*g + 5*t. What are the prime factors of g?
23, 101
Let l(g) = -g**2 - g + 28. Let r be l(5). Let w(x) = x**2 + x - 1. Let u(n) = -34*n**2 + 10*n - 3. Let b(f) = -u(f) + 6*w(f). List the prime factors of b(r).
3, 5, 11
Let t(u) = 29*u + 30. Let p = 13 + -3. What are the prime factors of t(p)?
2, 5
Let b = -207 - -615. Suppose 2*q - 4*p = 352, p - b + 66 = -2*q. List the prime factors of q.
2, 43
Let j(b) = b**2 - 4*b - 29. Let h be j(11). Let c(i) = i**3 - 49*i**2 + 51*i - 46. List the prime factors of c(h).
2, 7
List the prime factors of 1 - (-60354)/147 - 8/14.
3, 137
Let r = 118 - 115. Suppose -r*j - 30 = 78. List the prime factors of (-6)/(-27) - 1432/j.
2, 5
Let z = 107 - 90. Suppose -z*l - 5 - 12 = 0. What are the prime factors of (3 + -3 + l)*-142?
2, 71
Let x(z) = 2*z**2 - 5*z + 3. Let m be x(3). What are the prime factors of ((-939)/(-2))/(-9*m/(-108))?
3, 313
Suppose 2*z - 4 + 58 = 4*u, -129 = 5*z - 4*u. List the prime factors of (1/2*2)/(z/(-2900)).
2, 29
Suppose 14*v + 14*v = -3266424. List the prime factors of v/(-90) - 2/10.
2, 3
Suppose -148*z = 14*z - 994680. List the prime factors of z.
2, 5, 307
Let q(j) = 15*j - 1. Suppose 5*z - 44 = -4*p, 0 = z - 2*z - 2*p + 10. Let c be q(z). Let b = -72 + c. What are the prime factors of b?
47
Let f = -79 + 1. Let q = f + 83. List the prime factors of (-36)/q*160/(-12).
2, 3
Let i be 2/(-15) + (-2332)/(-165). Suppose -12 = 11*a - i*a. Let m(v) = 2*v**3 - v**2 + 3*v - 2. List the prime factors of m(a).
2, 61
Let q(h) = 1628*h**3 - h**2 + 10*h - 3. What are the prime factors of q(2)?
13037
Let u = -2313 - -11652. List the prime factors of u.
3, 11, 283
What are the prime factors of (-10)/(-45) + 582646/63 - 1012/1771?
2, 17
Let j(t) = t**2 - 2*t - 33. Let x(r) = r**2 - 4. Let w be x(0). Let d be w/14 - 13/(273/(-300)). List the prime factors of j(d).
3, 5
Let z(w) = -w**3 + 3*w**2 + 4*w - 5. Let s be z(2). Let g be -1 - (-5*s)/5. Let k(n) = 2*n**3 - 10*n**2 - 5*n - 7. What are the prime factors of k(g)?
5, 7
Suppose -5*x - z = -5*z - 104, 5*x = -4*z + 136. Suppose x*m + 38 = 26*m. Suppose 6*o = m*o - 2093. What are the prime factors of o?
7, 23
Suppose 218*b = 227*b - 8028. Suppose 4*i - b = 876. What are the prime factors of i?
2, 13, 17
Suppose -2*t = -5*a - 45, 3*a - 66 = -2*t - 3*t. Suppose -t - 15 = -4*h + 2*y, 3*y = -2*h + 19. What are the prime factors of (5 + (-44)/h)*-342?
3, 19
Suppose -5*b - 75*b = -310400. List the prime factors of b.
2, 5, 97
Let i(o) = -3*o**3 + 2*o + 16*o - 11*o + 3 + 5*o**2. Let x be i(-5). Suppose -6*y - 3*y = -x. What are the prime factors of y?
2, 13
List the prime factors of (5507/(-4))/((21 + -43)/176).
2, 5507
Let s = -17 - -21. Suppose 2*j = 4*v + s*j + 238, 5*j + 99 = -2*v. Let n = 20 - v. What are the prime factors of n?
2, 41
Suppose -3127 = -3*a - 2*k, 2987 - 884 = 2*a + 5*k. Suppose 3*i - 4*z - a - 926 = 0, -3*z + 1327 = 2*i. List the prime factors of i.
659
Let z(x) = -7*x**3 + 2*x**2 + x - 2. Let m be z(-2). Suppose 0 = -15*o + 9*o + m. List the prime factors of ((-278)/(-10))/(2/o).
139
What are the prime factors of 4*2/1 + 10774 + 12?
2, 3, 7, 257
Suppose 5*a = -2*m + 66194, 3*a + 5*m - 10656 = 29030. What are the prime factors of a?
2, 3, 2207
Let b(n) = n**2 - 25*n + 111. Let w be b(19). What are the prime factors of (-25)/10*(w + -345)?
2, 3, 5, 29
Suppose -7*d - 12*d + 760 = 0. Let t(s) = 19*s + 2. Let b be t(-2). Let f = d + b. What are the prime factors of f?
2
Let a = -223 + 223. Suppose a = 3*s + 4*d - 3193, -1047 = -s - 0*s + 3*d. What are the prime factors of s?
3, 353
Let s(j) = -2*j**3 - 115*j**2 - 21*j + 96. List the prime factors of s(-58).
2, 2339
Suppose 2*j = 3*z - 3, -3 = -6*j + j - 3*z. Suppose 15*f - 2517 - 123 = j. What are the prime factors of f?
2, 11
Suppose -141 = 5*r - 156, -4*z = -3*r - 39. List the prime factors of z.
2, 3
Suppose -6*z - 14 = 166. Let o = -37 - z. List the prime factors of (6 + o)*((0 - 52) + -1).
53
Let z be 32/144 - 7/(-9). Let a(u) = 49*u**2 + 2 - 4 + 88*u**2 + z. List the prime factors of a(-1).
2, 17
Suppose -3*i = -7387 + 22. List the prime factors of i.
5, 491
Suppose -5*s + 3*n - 2*n + 1 = 0, -3*n - 3 = -s. Suppose 2*p + 366 = a - 168, a - 3*p - 534 = s. What are the prime factors of a?
2, 3, 89
Suppose 7*q - 551386 = 126*q - 2692791. List the prime factors of q.
5, 59, 61
Let m be 2/6 - 3122/(-21). Let w = m - 82. Suppose -w + 265 = 3*k. What are the prime factors of k?
2, 3, 11
Suppose -2 = -2*p, 3*p + 1875 = 2*a + 6*p. Suppose 741 = 2*v + 3*u, -5*v + 3*u - a = -2820. Suppose -v = -4*r - r. List the prime factors of r.
3, 5
Let z be 35/140*(-2 + 110). Suppose 6*a - 19767 = -z*a. What are the prime factors of a?
599
Let m(f) = 3*f**2 + 17*f. Suppose 15 = -3*i, 2*l = 4*i - 5*i + 51. Suppose 7 = -5*u - l. List the prime factors of m(u).
2, 7
Suppose 139*d + 2160 = 145*d. List the prime factors of 48/d + (-5383)/(-15).
359
Let a(r) = r**3 + r**2 + 83. Suppose 6*o = 3*o + 87. Suppose -32*g = -o*g. What are the prime factors of a(g)?
83
Suppose -242 = -4*r + 54. Let i = r - 77. What are the prime factors of i/(21/(-1820))*(-1)/(-2)?
2, 5, 13
Let p be ((-70)/3)/(-5) - 8/12. Suppose -5*w - 958 = -p*o + 589, 2*o = -5*w + 811. List the prime factors of o.
3, 131
Suppose 5*k - 21875 = -3*c, 2*c - 22338 + 7750 = -k. What are the prime factors of c?
5, 1459
Let l(n) = -n**3 + 6*n**2 + 10*n - 17. Let o be l(7). Suppose 1060 = 2*g + 3*w, 5*g - o*w = -202 + 2852. Suppose 7*v + 124 = g. What are the prime factors of v?
2, 29
List the prime factors of (-15 + 32 - 0) + 5813.
2, 5, 11, 53
Suppose -3*i + 10*f - 12*f = -5829, 5*f + 5829 = 3*i. What are the prime factors of i?
29, 67
Let d(x) = -11*x - 332. Let o be d(-31). Suppose -w - 2*k = -123, -4*w - 690 = -o*w + 5*k. List the prime factors of w.
7, 19
Let o = 22 - 22. Suppose 0 = -o*t - 6*t + 18. Suppose 3*a - 2*k = 72 + 151, -166 = -2*a - t*k. List the prime factors of a.
7, 11
Let m(z) = z**3 + 73*z**2 + 12*z - 62. List the prime factors of m(-71).
2, 3, 191
Suppose 63 = -5*f - k + 186, -4*k + 12 = 0. Suppose -22*x + f*x = 768. List the prime factors of x.
2, 3
Let w = -18208 + 20185. What are the prime factors of w?
3, 659
Let i = 1345 - 815. Suppose -i*p = -535*p + 2520. List the prime factors of p.
2, 3, 7
Let d(u) = u**2 + 14*u + 10. Let n be d(-13). Let l be (-20)/((-1)/(n/(-2))). Suppose l + 115 = i. What are the prime factors of i?
5, 29
Let a = -2821 + 6488. What are the prime factors of a?
19, 193
Let f(t) = -2*t**2 - 263*t - 1038. List the prime factors of f(-113).
7, 449
Let x be 5/(10/20 - 0). Suppose -7839 - 451 = -x*k. What are the prime factors of k?
829
Let k be 1*(-4 + 4)/1. Suppose k*q = q + 7. What are the prime factors of (-208)/q - 1 - (-16)/56?
29
What are the prime factors of ((-80)/(